{"id":2381,"date":"2024-05-02T11:04:24","date_gmt":"2024-05-02T10:04:24","guid":{"rendered":"https:\/\/desafiarviana.pt\/?page_id=2381"},"modified":"2024-05-02T11:09:05","modified_gmt":"2024-05-02T10:09:05","slug":"termos-e-condicoes","status":"publish","type":"page","link":"https:\/\/desafiarviana.pt\/?page_id=2381","title":{"rendered":"Termos e condi\u00e7\u00f5es"},"content":{"rendered":"\t\t<div data-elementor-type=\"wp-page\" data-elementor-id=\"2381\" class=\"elementor elementor-2381\" data-elementor-post-type=\"page\">\n\t\t\t\t<div class=\"elementor-element elementor-element-0f453f6 e-flex e-con-boxed wpr-particle-no wpr-jarallax-no wpr-parallax-no wpr-sticky-section-no e-con e-parent\" data-id=\"0f453f6\" data-element_type=\"container\" data-core-v316-plus=\"true\">\n\t\t\t\t\t<div class=\"e-con-inner\">\n\t\t\t\t<div class=\"elementor-element elementor-element-3af7142 elementor-widget elementor-widget-heading\" data-id=\"3af7142\" data-element_type=\"widget\" data-widget_type=\"heading.default\">\n\t\t\t\t<div class=\"elementor-widget-container\">\n\t\t\t<style>\/*! elementor - v3.20.0 - 26-03-2024 *\/\n.elementor-heading-title{padding:0;margin:0;line-height:1}.elementor-widget-heading .elementor-heading-title[class*=elementor-size-]>a{color:inherit;font-size:inherit;line-height:inherit}.elementor-widget-heading .elementor-heading-title.elementor-size-small{font-size:15px}.elementor-widget-heading .elementor-heading-title.elementor-size-medium{font-size:19px}.elementor-widget-heading .elementor-heading-title.elementor-size-large{font-size:29px}.elementor-widget-heading .elementor-heading-title.elementor-size-xl{font-size:39px}.elementor-widget-heading .elementor-heading-title.elementor-size-xxl{font-size:59px}<\/style><h2 class=\"elementor-heading-title elementor-size-default\">Termos e Condi\u00e7\u00f5es<\/h2>\t\t<\/div>\n\t\t\t\t<\/div>\n\t\t\t\t\t<\/div>\n\t\t\t\t<\/div>\n\t\t<div class=\"elementor-element elementor-element-8b3cc6b e-flex e-con-boxed wpr-particle-no wpr-jarallax-no wpr-parallax-no wpr-sticky-section-no e-con e-parent\" data-id=\"8b3cc6b\" data-element_type=\"container\" data-core-v316-plus=\"true\">\n\t\t\t\t\t<div class=\"e-con-inner\">\n\t\t\t\t<div class=\"elementor-element elementor-element-db80e69 elementor-widget elementor-widget-text-editor\" data-id=\"db80e69\" data-element_type=\"widget\" data-widget_type=\"text-editor.default\">\n\t\t\t\t<div class=\"elementor-widget-container\">\n\t\t\t<style>\/*! elementor - v3.20.0 - 26-03-2024 *\/\n.elementor-widget-text-editor.elementor-drop-cap-view-stacked .elementor-drop-cap{background-color:#69727d;color:#fff}.elementor-widget-text-editor.elementor-drop-cap-view-framed .elementor-drop-cap{color:#69727d;border:3px solid;background-color:transparent}.elementor-widget-text-editor:not(.elementor-drop-cap-view-default) .elementor-drop-cap{margin-top:8px}.elementor-widget-text-editor:not(.elementor-drop-cap-view-default) .elementor-drop-cap-letter{width:1em;height:1em}.elementor-widget-text-editor .elementor-drop-cap{float:left;text-align:center;line-height:1;font-size:50px}.elementor-widget-text-editor .elementor-drop-cap-letter{display:inline-block}<\/style>\t\t\t\t<p>\u00a0<\/p><p>As atividades realizadas pela Desafiar Viana s\u00e3o reconhecidas pelo Registo Nacional dos Agentes de Anima\u00e7\u00e3o Tur\u00edstica, possuindo os requisitos obrigat\u00f3rios estipulados pelo Decreto-Lei n\u00ba 108\/2009, de 15 de Maio, nomeadamente:<\/p><p>&#8211; Est\u00e3o cobertas por um Seguro de Acidentes Pessoais;<\/p><p>&#8211; Possuem Seguro de Responsabilidade Civil;<\/p><ul><li>A reserva de um programa s\u00f3 \u00e9 considerada definitiva mediante o envio do pedido por e-mail (desafiarviana@hotmail.com), mensagem ou contacto telef\u00f3nico com comprovativo de pagamento de reserva;<\/li><li>O pagamento pode ser efetuado em numer\u00e1rio, mbway ou transfer\u00eancia banc\u00e1ria no dia das atividades, podendo ser exigido o pagamento de uma cau\u00e7\u00e3o para efetivar a reserva;<\/li><li>O cancelamento do programa a menos de 48 horas da sua realiza\u00e7\u00e3o pode implicar a perda do valor da reserva;<\/li><li>Para efeitos de seguro \u00e9 considerada a lista de participantes recebida, cobrindo apenas o per\u00edodo entre o briefing e debriefing, cabendo aos participantes cumprir com todas as instru\u00e7\u00f5es de seguran\u00e7a;<\/li><li>O seguro n\u00e3o \u00e9 ativado se os participantes estiverem em estado de embriaguez ou sob a influ\u00eancia de estupefacientes ou outras drogas;<\/li><li>A empresa n\u00e3o se responsabiliza por qualquer dano ou acidente ocorrido durante o programa, que n\u00e3o seja da sua responsabilidade, que ocorra por incumprimento das regras fornecidas ou que n\u00e3o esteja coberto pelo seguro de responsabilidade civil e acidentes pessoais;<\/li><li>As condi\u00e7\u00f5es meteorol\u00f3gicas adversas ou imprevistos alheios \u00e0 empresa poder\u00e3o obrigar a ajustes, altera\u00e7\u00f5es ou cancelamento do programa;<\/li><li>Todas as atividades t\u00eam de reunir o n\u00ba m\u00ednimo de participantes, podendo o pre\u00e7o sofrer altera\u00e7\u00f5es quando o n\u00famero de participantes for inferior ao estipulado;<\/li><li>A responsabilidade pelos objetos pessoais e valores desaparecidos ou danificados em durante o per\u00edodo de atividades \u00e9 da exclusiva responsabilidade de cada participante;<\/li><li>A empresa Desafiar Viana n\u00e3o ser\u00e1 responsabilizada caso os participantes sofram de mal s\u00fabito que provoque sequelas ou morte, ou sofram algum tipo de acidente durante a execu\u00e7\u00e3o e a realiza\u00e7\u00e3o das atividades.<\/li><\/ul><ul><li><strong>No que respeita ao aluguer de equipamentos:<\/strong><\/li><\/ul><ul><li>O cliente responsabiliza-se por todos os danos causados a todos os equipamentos utilizados durante o evento;<\/li><li>N\u00e3o \u00e9 permitido foguear ou atear, tal como n\u00e3o deixar lixo ou res\u00edduos no equipamento;<\/li><li>O cliente compromete-se a entregar o equipamento no mesmo local onde o evento se iniciou, no hor\u00e1rio previsto;<\/li><li>O cliente compromete-se a entregar o equipamento nas mesm\u00edssimas condi\u00e7\u00f5es de estado e conserva\u00e7\u00e3o, em que lhe foi entregue, responsabilizando-se por todos os danos provocados por utiliza\u00e7\u00e3o indevida no decorrer do evento;<\/li><li>\u00c9 imprescind\u00edvel o respeito de todas as regras de utiliza\u00e7\u00e3o e capacidade m\u00e1xima do equipamento bem como n\u00e3o utilizar cal\u00e7ado, n\u00e3o comer nem beber dentro dos equipamentos.<\/li><li>N\u00e3o \u00e9 permito o uso de pinturas faciais dentro dos equipamentos;<\/li><li>N\u00e3o \u00e9 permitido emprestar ou alugar a terceiros os equipamentos, devendo o cliente zelar pela sua guarda, conserva\u00e7\u00e3o e devolu\u00e7\u00e3o no prazo devido, e nas mesmas condi\u00e7\u00f5es em que foram entregues, comprometendo-se a substitu\u00ed-los em caso de perda ou estrago irrepar\u00e1vel, por id\u00eantico ou similar.<\/li><\/ul>\t\t\t\t\t\t<\/div>\n\t\t\t\t<\/div>\n\t\t\t\t\t<\/div>\n\t\t\t\t<\/div>\n\t\t\t\t<\/div>\n\t\t","protected":false},"excerpt":{"rendered":"<p>Termos e Condi\u00e7\u00f5es \u00a0 As atividades realizadas pela Desafiar Viana s\u00e3o reconhecidas pelo Registo Nacional dos Agentes de Anima\u00e7\u00e3o Tur\u00edstica, possuindo os requisitos obrigat\u00f3rios estipulados pelo Decreto-Lei n\u00ba 108\/2009, de 15 de Maio, nomeadamente: &#8211; Est\u00e3o cobertas por um Seguro de Acidentes Pessoais; &#8211; Possuem Seguro de Responsabilidade Civil; A reserva de um programa s\u00f3 [&hellip;]<\/p>\n","protected":false},"author":1,"featured_media":0,"parent":0,"menu_order":0,"comment_status":"closed","ping_status":"closed","template":"","meta":{"om_disable_all_campaigns":false,"_monsterinsights_skip_tracking":false,"_monsterinsights_sitenote_active":false,"_monsterinsights_sitenote_note":"","_monsterinsights_sitenote_category":0,"_uf_show_specific_survey":0,"_uf_disable_surveys":false,"_ti_tpc_template_sync":false,"_ti_tpc_template_id":"","footnotes":""},"class_list":["post-2381","page","type-page","status-publish","hentry"],"aioseo_notices":[],"_links":{"self":[{"href":"https:\/\/desafiarviana.pt\/index.php?rest_route=\/wp\/v2\/pages\/2381","targetHints":{"allow":["GET"]}}],"collection":[{"href":"https:\/\/desafiarviana.pt\/index.php?rest_route=\/wp\/v2\/pages"}],"about":[{"href":"https:\/\/desafiarviana.pt\/index.php?rest_route=\/wp\/v2\/types\/page"}],"author":[{"embeddable":true,"href":"https:\/\/desafiarviana.pt\/index.php?rest_route=\/wp\/v2\/users\/1"}],"replies":[{"embeddable":true,"href":"https:\/\/desafiarviana.pt\/index.php?rest_route=%2Fwp%2Fv2%2Fcomments&post=2381"}],"version-history":[{"count":7,"href":"https:\/\/desafiarviana.pt\/index.php?rest_route=\/wp\/v2\/pages\/2381\/revisions"}],"predecessor-version":[{"id":2388,"href":"https:\/\/desafiarviana.pt\/index.php?rest_route=\/wp\/v2\/pages\/2381\/revisions\/2388"}],"wp:attachment":[{"href":"https:\/\/desafiarviana.pt\/index.php?rest_route=%2Fwp%2Fv2%2Fmedia&parent=2381"}],"curies":[{"name":"wp","href":"https:\/\/api.w.org\/{rel}","templated":true}]}}